s of 604544081?
604544081
What are the prime factors of 42616014?
2, 3, 7, 571, 1777
List the prime factors of 483037219.
7, 69005317
List the prime factors of 25272270.
2, 3, 5, 93601
What are the prime factors of 1542811352?
2, 192851419
What are the prime factors of 662533341?
3, 241, 916367
What are the prime factors of 18232091?
811, 22481
What are the prime factors of 328847428?
2, 7, 13, 129061
What are the prime factors of 276584804?
2, 2837, 24373
What are the prime factors of 285963924?
2, 3, 1483, 16069
What are the prime factors of 1405541462?
2, 13, 839, 64433
List the prime factors of 7410537.
3, 47, 17519
List the prime factors of 129252019.
13, 23, 432281
List the prime factors of 677561667.
3, 277, 523, 1559
List the prime factors of 364556270.
2, 5, 13, 1237, 2267
List the prime factors of 738707342.
2, 7013, 52667
List the prime factors of 620308398.
2, 3, 71, 1456123
What are the prime factors of 104919981?
3, 34973327
List the prime factors of 258678089.
67, 3860867
List the prime factors of 94566790.
2, 5, 199, 47521
What are the prime factors of 1356546782?
2, 199, 3408409
What are the prime factors of 269172120?
2, 3, 5, 7, 137, 2339
What are the prime factors of 744776908?
2, 186194227
List the prime factors of 146158359.
3, 48719453
What are the prime factors of 48077118?
2, 3, 890317
List the prime factors of 854430709.
11, 77675519
List the prime factors of 1409845288.
2, 127, 353, 3931
List the prime factors of 70254.
2, 3, 1301
What are the prime factors of 378172791?
3, 42019199
List the prime factors of 383145697.
11, 19, 41, 61, 733
What are the prime factors of 876418980?
2, 3, 5, 31, 471193
List the prime factors of 2842292624.
2, 1019, 174331
List the prime factors of 40773811.
13, 3136447
What are the prime factors of 58983386?
2, 7, 11, 34819
What are the prime factors of 651179014?
2, 43, 7571849
What are the prime factors of 442487381?
7, 63212483
What are the prime factors of 121104367?
37, 3273091
What are the prime factors of 6499174972?
2, 43, 59, 61, 10499
What are the prime factors of 28947107?
7, 17, 41, 349
What are the prime factors of 4071472980?
2, 3, 5, 29, 2339927
List the prime factors of 56938325.
5, 151, 15083
What are the prime factors of 45648936?
2, 3, 634013
List the prime factors of 18483721.
18483721
What are the prime factors of 121441088?
2, 1897517
What are the prime factors of 2855733850?
2, 5, 57114677
List the prime factors of 47525221.
3517, 13513
List the prime factors of 155903879.
155903879
List the prime factors of 59996955.
3, 5, 719, 5563
List the prime factors of 1789502037.
3, 59, 349, 491
List the prime factors of 55415389.
61, 908449
What are the prime factors of 62552425?
5, 13, 197, 977
List the prime factors of 20601983.
20601983
List the prime factors of 179655979.
37, 4855567
What are the prime factors of 6307693561?
13, 113, 4293869
List the prime factors of 30771359.
43, 715613
What are the prime factors of 56957313?
3, 7, 2712253
List the prime factors of 478884591.
3, 673, 79063
List the prime factors of 456458279.
17, 59, 455093
What are the prime factors of 5422899613?
5422899613
List the prime factors of 2454502762.
2, 431, 1597, 1783
What are the prime factors of 50431842?
2, 3, 933923
What are the prime factors of 106394606?
2, 5347, 9949
What are the prime factors of 985849436?
2, 11, 13, 156683
What are the prime factors of 370873328?
2, 7, 71, 46639
What are the prime factors of 38246355?
3, 5, 7, 23, 5279
List the prime factors of 933901484.
2, 233475371
What are the prime factors of 372628012?
2, 191, 487733
List the prime factors of 159080994.
2, 3, 43, 47, 4373
What are the prime factors of 312719245?
5, 61, 283, 3623
What are the prime factors of 4758315881?
11, 83, 1559, 3343
List the prime factors of 32940850.
2, 5, 658817
List the prime factors of 2826204054.
2, 3, 61, 107, 72167
What are the prime factors of 4487688777?
3, 11, 13, 86453
What are the prime factors of 7549856?
2, 71, 3323
What are the prime factors of 29628900?
2, 3, 5, 7, 4703
What are the prime factors of 30448963?
19, 103, 15559
List the prime factors of 2584286738.
2, 11, 2687, 43717
List the prime factors of 2180297619.
3, 242255291
List the prime factors of 3006532891.
3006532891
List the prime factors of 851089009.
2843, 299363
What are the prime factors of 108921002?
2, 54460501
List the prime factors of 1221477061.
7, 53, 3292391
What are the prime factors of 32162908?
2, 8040727
List the prime factors of 46357442.
2, 193, 120097
List the prime factors of 182077482.
2, 3, 461, 65827
List the prime factors of 8697173.
757, 11489
What are the prime factors of 136334114?
2, 7, 421, 23131
List the prime factors of 123977999.
71, 1746169
List the prime factors of 673769778.
2, 3, 11, 37, 7457
List the prime factors of 632399880.
2, 3, 5, 7, 131, 821
What are the prime factors of 41753556?
2, 3, 13, 23, 431
List the prime factors of 45736084.
2, 11434021
List the prime factors of 499284023.
7, 23, 3101143
List the prime factors of 853347402.
2, 3, 17, 83, 33599
What are the prime factors of 70453633?
2797, 25189
List the prime factors of 12625023.
3, 4208341
What are the prime factors of 260771131?
260771131
List the prime factors of 325193842.
2, 162596921
What are the prime factors of 3926423644?
2, 11, 13, 19, 27791
List the prime factors of 2334201919.
7, 167, 1996751
List the prime factors of 43254514.
2, 2069, 10453
What are the prime factors of 461927477?
11, 1279, 32833
What are the prime factors of 185460895?
5, 59, 628681
What are the prime factors of 27111999?
3, 61, 148153
List the prime factors of 910039667.
157, 5796431
What are the prime factors of 242922207?
3, 11, 89, 107, 773
List the prime factors of 1318092993.
3, 7, 23, 4813
List the prime factors of 163970889.
3, 7127, 7669
List the prime factors of 156467775.
3, 5, 163, 12799
List the prime factors of 73944191.
73944191
What are the prime factors of 31108803?
3, 11, 942691
List the prime factors of 72826061.
7, 11, 109, 8677
What are the prime factors of 33441565?
5, 6688313
List the prime factors of 284693933.
97, 2934989
List the prime factors of 5749778798.
2, 43, 67, 997879
What are the prime factors of 1804236681?
3, 13, 79, 585601
List the prime factors of 55705260.
2, 3, 5, 13, 17, 4201
What are the prime factors of 63537967?
1039, 61153
List the prime factors of 26582495.
5, 47, 113117
List the prime factors of 3378580136.
2, 17, 31, 801371
List the prime factors of 249206197.
249206197
What are the prime factors of 82572875?
5, 7, 11, 23, 373
What are the prime factors of 3131426443?
599, 5227757
What are the prime factors of 110131517?
461, 238897
What are the prime factors of 221470285?
5, 1129, 39233
List the prime factors of 2747452471.
83, 271, 122147
What are the prime factors of 4674668?
2, 433, 2699
What are the prime factors of 36818656?
2, 7, 19, 41, 211
What are the prime factors of 33343881?
3, 29, 61, 103
What are the prime factors of 107401485?
3, 5, 7160099
List the prime factors of 248251468.
2, 59, 1051913
List the prime factors of 74907585.
3, 5, 184957
What are the prime factors of 3330934?
2, 1665467
List the prime factors of 318179688.
2, 3, 607, 21841
What are the prime factors of 62802801?
3, 37, 113, 1669
List the prime factors of 86103780.
2, 3, 5, 7, 29287
List the prime factors of 191320227.
3, 7, 17, 41, 4357
List the prime factors of 312465987.
3, 34718443
What are the prime factors of 725047241?
29, 25001629
What are the prime factors of 1378649634?
2, 3, 3643, 63073
List the prime factors of 1309874087.
1309874087
What are the prime factors of 19748903?
1163, 16981
List the prime factors of 284691688.
2, 35586461
What are the prime factors of 437148796?
2, 7, 2230351
What are the prime factors of 638573378?
2, 319286689
List the prime factors of 5134933189.
5134933189
List the prime factors of 701705143.
61, 11503363
List the prime factors of 6305793652.
2, 43, 347, 105653
What are the prime factors of 132836254?
2, 66418127
What are the prime factors of 331482352?
2, 47, 53, 8317
What are the prime factors of 10382078?
2, 7, 61, 12157
List the prime factors of 340148330.
2, 5, 179, 190027
List the prime factors of 2035937323.
7, 17, 17108717
List the prim